{"id":156,"date":"2025-07-27T07:41:29","date_gmt":"2025-07-27T07:41:29","guid":{"rendered":"https:\/\/anne-barthelmess.de\/wordpress\/?page_id=156"},"modified":"2026-03-21T15:39:03","modified_gmt":"2026-03-21T15:39:03","slug":"feldenkrais-online-kurse","status":"publish","type":"page","link":"https:\/\/anne-barthelmess.de\/index.php\/feldenkrais-online-kurse\/","title":{"rendered":"Feldenkrais Online Kurse mit Anne Barthelmess"},"content":{"rendered":"\n<style type=\"text\/css\" data-created_by=\"avia_inline_auto\" id=\"style-css-av-r9g-3d83792816036cdb48de06cc2bb8f48d\">\n#top .flex_column.av-r9g-3d83792816036cdb48de06cc2bb8f48d{\nmargin-top:0px;\nmargin-bottom:0px;\n}\n.responsive #top #wrap_all .flex_column.av-r9g-3d83792816036cdb48de06cc2bb8f48d{\nmargin-top:0px;\nmargin-bottom:0px;\n}\n<\/style>\n<div  class='flex_column av-r9g-3d83792816036cdb48de06cc2bb8f48d av_two_third  avia-builder-el-0  el_before_av_one_third  avia-builder-el-first  first flex_column_div  '     ><section  class='av_textblock_section av-md5v4wbr-69aa5834cc0b03d1ff38de9531e9b9b1 '   itemscope=\"itemscope\" itemtype=\"https:\/\/schema.org\/CreativeWork\" ><div class='avia_textblock'  itemprop=\"text\" ><h1>Feldenkrais Online Kurse<\/h1>\n<h3>bequem von zu Hause aus<\/h3>\n<p><span style=\"font-size: 12pt;\">Du m\u00f6chtest bequem von zu Hause etwas Gutes f\u00fcr dich tun?<\/span><br \/>\n<span style=\"font-size: 12pt;\">Du m\u00f6chtest nach einem langen Tag nicht zu noch einer Veranstaltung aus dem Haus?<\/span><br \/>\n<span style=\"font-size: 12pt;\">Du hast den Tag \u00fcber viele Kontakte und m\u00f6chtest nun mehr bei dir sein?<\/span><br \/>\n<span style=\"font-size: 12pt;\">Du hast all die Podcasts zu Hause, machst sie aber nicht?<\/span><\/p>\n<p><span style=\"font-size: 12pt;\">Genie\u00dfe die Vorteile einer Gruppe, bequem von zu Hause aus. Ortsungebunden und ohne extra Wege. So sparst du viel Zeit, hast meine volle Aufmerksamkeit \u00fcber den Bildschirm und kannst doch ganz f\u00fcr dich sein.<\/span><\/p>\n<p><span style=\"font-size: 12pt;\">Eine Probestunde ist einmalig gratis m\u00f6glich, nach Absprache und bei freien Pl\u00e4tzen. Auch geeignet f\u00fcr Anf\u00e4nger*innen mit Neugier und Offenheit.<\/span><\/p>\n<h4><\/h4>\n<\/div><\/section><\/div>\n\n<style type=\"text\/css\" data-created_by=\"avia_inline_auto\" id=\"style-css-av-2yce-1b63bbf9ff1ef7677df5a5d10795e8f2\">\n#top .flex_column.av-2yce-1b63bbf9ff1ef7677df5a5d10795e8f2{\nmargin-top:0px;\nmargin-bottom:0px;\n}\n.responsive #top #wrap_all .flex_column.av-2yce-1b63bbf9ff1ef7677df5a5d10795e8f2{\nmargin-top:0px;\nmargin-bottom:0px;\n}\n<\/style>\n<div  class='flex_column av-2yce-1b63bbf9ff1ef7677df5a5d10795e8f2 av_one_third  avia-builder-el-2  el_after_av_two_third  el_before_av_two_fifth  flex_column_div  '     ><style type=\"text\/css\" data-created_by=\"avia_inline_auto\" id=\"style-css-av-md5v6kpy-90fb52fa0930a4b53613a39b4643df9b\">\n.avia-image-container.av-md5v6kpy-90fb52fa0930a4b53613a39b4643df9b img.avia_image{\nbox-shadow:none;\n}\n.avia-image-container.av-md5v6kpy-90fb52fa0930a4b53613a39b4643df9b .av-image-caption-overlay-center{\ncolor:#ffffff;\n}\n<\/style>\n<div  class='avia-image-container av-md5v6kpy-90fb52fa0930a4b53613a39b4643df9b av-styling- avia-align-center  avia-builder-el-3  avia-builder-el-no-sibling '   itemprop=\"image\" itemscope=\"itemscope\" itemtype=\"https:\/\/schema.org\/ImageObject\" ><div class=\"avia-image-container-inner\"><div class=\"avia-image-overlay-wrap\"><img decoding=\"async\" fetchpriority=\"high\" class='wp-image-371 avia-img-lazy-loading-not-371 avia_image ' src=\"https:\/\/anne-barthelmess.de\/wp-content\/uploads\/2025\/08\/Feldenkrais-Online-Kurse.jpeg\" alt='Feldenkrais Online Kurse' title='Feldenkrais Online Kurse'  height=\"480\" width=\"617\"  itemprop=\"thumbnailUrl\" srcset=\"https:\/\/anne-barthelmess.de\/wp-content\/uploads\/2025\/08\/Feldenkrais-Online-Kurse.jpeg 617w, https:\/\/anne-barthelmess.de\/wp-content\/uploads\/2025\/08\/Feldenkrais-Online-Kurse-300x233.jpeg 300w\" sizes=\"(max-width: 617px) 100vw, 617px\" \/><\/div><\/div><\/div><\/div>\n\n<style type=\"text\/css\" data-created_by=\"avia_inline_auto\" id=\"style-css-av-111tv8-b57f15fc1ab179abfc21407a3d211441\">\n#top .flex_column.av-111tv8-b57f15fc1ab179abfc21407a3d211441{\nmargin-top:0px;\nmargin-bottom:0px;\n}\n.flex_column.av-111tv8-b57f15fc1ab179abfc21407a3d211441{\nwidth:39.4%;\npadding:20px 20px 20px 20px;\nbackground-color:#f7f7f7;\n}\n.responsive #top #wrap_all .flex_column.av-111tv8-b57f15fc1ab179abfc21407a3d211441{\nmargin-top:0px;\nmargin-bottom:0px;\n}\n<\/style>\n<div  class='flex_column av-111tv8-b57f15fc1ab179abfc21407a3d211441 av_two_fifth  avia-builder-el-4  el_after_av_one_third  el_before_av_one_third  first flex_column_div  column-top-margin'     ><section  class='av_textblock_section av-mdpxw6m6-93df47749bbc87fb1b0564ec1ce140e0 '   itemscope=\"itemscope\" itemtype=\"https:\/\/schema.org\/CreativeWork\" ><div class='avia_textblock'  itemprop=\"text\" ><h3>Feldenkrais Online-Kurse<\/h3>\n<\/div><\/section><br \/>\n<section  class='av_textblock_section av-mktqdwqw-a2853f219fcb3df88d379b98877a41ee '   itemscope=\"itemscope\" itemtype=\"https:\/\/schema.org\/CreativeWork\" ><div class='avia_textblock'  itemprop=\"text\" ><p><span style=\"font-size: 12pt;\"><strong>ab April 2026<\/strong><\/span><br \/>\n<span style=\"font-size: 12pt;\">6 Termine \/ 96 \u20ac \/ Start 13.4.26 \/ Mo 17:45 Uhr<\/span><br \/>\n<span style=\"font-size: 12pt;\">6 Termine \/ 96 \u20ac \/ Start 14.4.26 \/ Di 8:30 Uhr<\/span><\/p>\n<\/div><\/section><br \/>\n<section  class='av_textblock_section av-mfmyyf5z-6f40f89ab9c8094e4c82f20f2984267c '   itemscope=\"itemscope\" itemtype=\"https:\/\/schema.org\/CreativeWork\" ><div class='avia_textblock'  itemprop=\"text\" ><p><span style=\"font-size: 12pt;\"><strong>ab Juni 2026<\/strong><\/span><br \/>\n<span style=\"font-size: 12pt;\">5 Termine \/ 80 \u20ac \/ Start 16.6.26 \/ Mo 17:45 Uhr<\/span><br \/>\n<span style=\"font-size: 12pt;\">5 Termine \/ 80 \u20ac \/ Start 16.6.26 \/ Di 8:30 Uhr<\/span><\/p>\n<\/div><\/section><br \/>\n<div  class='avia-button-wrap av-3aegs-7e6516f76e6799c64c5a21cd293603d7-wrap avia-button-left  avia-builder-el-8  el_after_av_textblock  avia-builder-el-last '>\n<style type=\"text\/css\" data-created_by=\"avia_inline_auto\" id=\"style-css-av-3aegs-7e6516f76e6799c64c5a21cd293603d7\">\n#top #wrap_all .avia-button.av-3aegs-7e6516f76e6799c64c5a21cd293603d7{\nfont-size:18px;\nbackground-color:#007f9b;\nborder-color:#007f9b;\ncolor:#ffffff;\ntransition:all 0.4s ease-in-out;\n}\n#top #wrap_all .avia-button.av-3aegs-7e6516f76e6799c64c5a21cd293603d7 .avia-svg-icon svg:first-child{\nfill:#ffffff;\nstroke:#ffffff;\n}\n<\/style>\n<a href='mailto:mail@anne-barthelmess.de?subject=Anfrage Online Kurse'  class='avia-button av-3aegs-7e6516f76e6799c64c5a21cd293603d7 av-link-btn avia-icon_select-yes-left-icon avia-size-large avia-position-left'   aria-label=\"Jetzt anfragen\"><span class='avia_button_icon avia_button_icon_left avia-svg-icon avia-font-svg_entypo-fontello' data-av_svg_icon='mail' data-av_iconset='svg_entypo-fontello'><svg version=\"1.1\" xmlns=\"http:\/\/www.w3.org\/2000\/svg\" width=\"29\" height=\"32\" viewBox=\"0 0 29 32\" preserveAspectRatio=\"xMidYMid meet\" aria-labelledby='av-svg-title-1' aria-describedby='av-svg-desc-1' role=\"graphics-symbol\">\n<title id='av-svg-title-1'>Mail<\/title>\n<desc id='av-svg-desc-1'>Mail<\/desc>\n<path d=\"M0.96 8.448q-1.024-0.576-0.896-1.28 0.064-0.448 0.832-0.448h27.072q1.216 0 0.64 1.024-0.256 0.448-0.768 0.704-0.448 0.192-6.144 3.264t-5.824 3.136q-0.512 0.32-1.472 0.32-0.896 0-1.472-0.32-0.128-0.064-5.824-3.136t-6.144-3.264zM28.16 11.648q0.64-0.32 0.64 0.32v11.776q0 0.512-0.544 1.024t-1.056 0.512h-25.6q-0.512 0-1.056-0.512t-0.544-1.024v-11.776q0-0.64 0.64-0.32l12.288 6.4q0.576 0.32 1.472 0.32t1.472-0.32z\"><\/path>\n<\/svg><\/span><span class='avia_iconbox_title' >Jetzt anfragen<\/span><\/a><\/div><\/p><\/div>\n<style type=\"text\/css\" data-created_by=\"avia_inline_auto\" id=\"style-css-av-kve9w-b51a5e4af9aa49ce15b1fb8673bcb637\">\n#top .flex_column.av-kve9w-b51a5e4af9aa49ce15b1fb8673bcb637{\nmargin-top:0px;\nmargin-bottom:0px;\n}\n.flex_column.av-kve9w-b51a5e4af9aa49ce15b1fb8673bcb637{\nwidth:32.666666666667%;\nmargin-left:1%;\n}\n.responsive #top #wrap_all .flex_column.av-kve9w-b51a5e4af9aa49ce15b1fb8673bcb637{\nmargin-top:0px;\nmargin-bottom:0px;\n}\n<\/style>\n<div  class='flex_column av-kve9w-b51a5e4af9aa49ce15b1fb8673bcb637 av_one_third  avia-builder-el-9  el_after_av_two_fifth  avia-builder-el-last  flex_column_div  column-top-margin'     ><div  class='avia-button-wrap av-mhvzz3qs-00000ebd91fd9c2d6b77ff96bd37b197-wrap avia-button-left  avia-builder-el-10  avia-builder-el-no-sibling '><a href='https:\/\/anne-barthelmess.de\/wp-content\/uploads\/2025\/12\/Kurs-Terminplan-2026.pdf'  class='avia-button av-mhvzz3qs-00000ebd91fd9c2d6b77ff96bd37b197 av-download-btn noLightbox avia-icon_select-yes-left-icon avia-size-small avia-position-left avia-color-theme-color-subtle' download  aria-label=\"2026 Termine im \u00dcberblick\"><span class='avia_button_icon avia_button_icon_left avia-svg-icon avia-font-svg_entypo-fontello' data-av_svg_icon='attach' data-av_iconset='svg_entypo-fontello'><svg version=\"1.1\" xmlns=\"http:\/\/www.w3.org\/2000\/svg\" width=\"30\" height=\"32\" viewBox=\"0 0 30 32\" preserveAspectRatio=\"xMidYMid meet\" aria-labelledby='av-svg-title-2' aria-describedby='av-svg-desc-2' role=\"graphics-symbol\">\n<title id='av-svg-title-2'>Attach<\/title>\n<desc id='av-svg-desc-2'>Attach<\/desc>\n<path d=\"M7.808 31.68q-3.264 0-5.44-2.304-2.304-2.24-2.368-5.312t2.688-6.080l15.872-15.872q2.56-2.56 5.568-1.728 1.408 0.384 2.528 1.504t1.504 2.528q0.832 3.072-1.728 5.632l-15.168 15.168q-1.28 1.28-2.816 1.472-1.536 0.128-2.56-0.896-0.96-0.768-0.864-2.368t1.504-2.944l10.624-10.688q0.768-0.832 1.6 0t0 1.6l-10.624 10.624q-1.408 1.408-0.64 2.24 0.384 0.256 0.768 0.192 0.768-0.128 1.472-0.832l15.168-15.168q1.6-1.6 1.088-3.456-0.512-1.92-2.432-2.432-1.728-0.448-3.456 1.152l-15.808 15.808q-2.112 2.432-2.048 4.576t1.664 3.744q1.6 1.536 3.744 1.6t4.512-1.984l15.872-15.808q0.768-0.768 1.6 0 0.832 0.704 0 1.536l-15.872 15.872q-2.624 2.624-5.952 2.624z\"><\/path>\n<\/svg><\/span><span class='avia_iconbox_title' >2026 Termine im \u00dcberblick<\/span><\/a><\/div><\/div><\/p>\n","protected":false},"excerpt":{"rendered":"","protected":false},"author":1,"featured_media":0,"parent":0,"menu_order":0,"comment_status":"closed","ping_status":"open","template":"","meta":{"footnotes":""},"class_list":["post-156","page","type-page","status-publish","hentry"],"yoast_head":"<!-- This site is optimized with the Yoast SEO plugin v26.5 - https:\/\/yoast.com\/wordpress\/plugins\/seo\/ -->\n<title>Feldenkrais Online Kurse mit Anne Barthelmess<\/title>\n<meta name=\"description\" content=\"Feldenkrais Online Kurse mit Anne Barthelmess - bequem von zu Hause aus f\u00fcr mehr Beweglichkeit und innere Balance.\" \/>\n<meta name=\"robots\" content=\"index, follow, max-snippet:-1, max-image-preview:large, max-video-preview:-1\" \/>\n<link rel=\"canonical\" href=\"https:\/\/anne-barthelmess.de\/index.php\/feldenkrais-online-kurse\/\" \/>\n<meta property=\"og:locale\" content=\"de_DE\" \/>\n<meta property=\"og:type\" content=\"article\" \/>\n<meta property=\"og:title\" content=\"Feldenkrais Online Kurse mit Anne Barthelmess\" \/>\n<meta property=\"og:description\" content=\"Feldenkrais Online Kurse mit Anne Barthelmess - bequem von zu Hause aus f\u00fcr mehr Beweglichkeit und innere Balance.\" \/>\n<meta property=\"og:url\" content=\"https:\/\/anne-barthelmess.de\/index.php\/feldenkrais-online-kurse\/\" \/>\n<meta property=\"og:site_name\" content=\"Anne Barthelme\u00df\" \/>\n<meta property=\"article:modified_time\" content=\"2026-03-21T15:39:03+00:00\" \/>\n<meta name=\"twitter:card\" content=\"summary_large_image\" \/>\n<meta name=\"twitter:label1\" content=\"Gesch\u00e4tzte Lesezeit\" \/>\n\t<meta name=\"twitter:data1\" content=\"2\u00a0Minuten\" \/>\n<script type=\"application\/ld+json\" class=\"yoast-schema-graph\">{\"@context\":\"https:\/\/schema.org\",\"@graph\":[{\"@type\":\"WebPage\",\"@id\":\"https:\/\/anne-barthelmess.de\/index.php\/feldenkrais-online-kurse\/\",\"url\":\"https:\/\/anne-barthelmess.de\/index.php\/feldenkrais-online-kurse\/\",\"name\":\"Feldenkrais Online Kurse mit Anne Barthelmess\",\"isPartOf\":{\"@id\":\"https:\/\/anne-barthelmess.de\/#website\"},\"datePublished\":\"2025-07-27T07:41:29+00:00\",\"dateModified\":\"2026-03-21T15:39:03+00:00\",\"description\":\"Feldenkrais Online Kurse mit Anne Barthelmess - bequem von zu Hause aus f\u00fcr mehr Beweglichkeit und innere Balance.\",\"breadcrumb\":{\"@id\":\"https:\/\/anne-barthelmess.de\/index.php\/feldenkrais-online-kurse\/#breadcrumb\"},\"inLanguage\":\"de\",\"potentialAction\":[{\"@type\":\"ReadAction\",\"target\":[\"https:\/\/anne-barthelmess.de\/index.php\/feldenkrais-online-kurse\/\"]}]},{\"@type\":\"BreadcrumbList\",\"@id\":\"https:\/\/anne-barthelmess.de\/index.php\/feldenkrais-online-kurse\/#breadcrumb\",\"itemListElement\":[{\"@type\":\"ListItem\",\"position\":1,\"name\":\"Startseite\",\"item\":\"https:\/\/anne-barthelmess.de\/index.php\/startseite\/\"},{\"@type\":\"ListItem\",\"position\":2,\"name\":\"Feldenkrais Online Kurse mit Anne Barthelmess\"}]},{\"@type\":\"WebSite\",\"@id\":\"https:\/\/anne-barthelmess.de\/#website\",\"url\":\"https:\/\/anne-barthelmess.de\/\",\"name\":\"Anne Barthelme\u00df\",\"description\":\"Feldenkrais als Einzelstunde und Gruppenstunde in Berlin Charlottenburg\",\"publisher\":{\"@id\":\"https:\/\/anne-barthelmess.de\/#\/schema\/person\/b0108bfd55dfd6a45f19d6755e1c76d5\"},\"potentialAction\":[{\"@type\":\"SearchAction\",\"target\":{\"@type\":\"EntryPoint\",\"urlTemplate\":\"https:\/\/anne-barthelmess.de\/?s={search_term_string}\"},\"query-input\":{\"@type\":\"PropertyValueSpecification\",\"valueRequired\":true,\"valueName\":\"search_term_string\"}}],\"inLanguage\":\"de\"},{\"@type\":[\"Person\",\"Organization\"],\"@id\":\"https:\/\/anne-barthelmess.de\/#\/schema\/person\/b0108bfd55dfd6a45f19d6755e1c76d5\",\"name\":\"admin\",\"image\":{\"@type\":\"ImageObject\",\"inLanguage\":\"de\",\"@id\":\"https:\/\/anne-barthelmess.de\/#\/schema\/person\/image\/\",\"url\":\"https:\/\/anne-barthelmess.de\/wordpress\/wp-content\/uploads\/2025\/06\/cropped-anne_thumb.jpg\",\"contentUrl\":\"https:\/\/anne-barthelmess.de\/wordpress\/wp-content\/uploads\/2025\/06\/cropped-anne_thumb.jpg\",\"width\":67,\"height\":72,\"caption\":\"admin\"},\"logo\":{\"@id\":\"https:\/\/anne-barthelmess.de\/#\/schema\/person\/image\/\"},\"sameAs\":[\"https:\/\/anne-barthelmess.de\/wordpress\"]}]}<\/script>\n<!-- \/ Yoast SEO plugin. -->","yoast_head_json":{"title":"Feldenkrais Online Kurse mit Anne Barthelmess","description":"Feldenkrais Online Kurse mit Anne Barthelmess - bequem von zu Hause aus f\u00fcr mehr Beweglichkeit und innere Balance.","robots":{"index":"index","follow":"follow","max-snippet":"max-snippet:-1","max-image-preview":"max-image-preview:large","max-video-preview":"max-video-preview:-1"},"canonical":"https:\/\/anne-barthelmess.de\/index.php\/feldenkrais-online-kurse\/","og_locale":"de_DE","og_type":"article","og_title":"Feldenkrais Online Kurse mit Anne Barthelmess","og_description":"Feldenkrais Online Kurse mit Anne Barthelmess - bequem von zu Hause aus f\u00fcr mehr Beweglichkeit und innere Balance.","og_url":"https:\/\/anne-barthelmess.de\/index.php\/feldenkrais-online-kurse\/","og_site_name":"Anne Barthelme\u00df","article_modified_time":"2026-03-21T15:39:03+00:00","twitter_card":"summary_large_image","twitter_misc":{"Gesch\u00e4tzte Lesezeit":"2\u00a0Minuten"},"schema":{"@context":"https:\/\/schema.org","@graph":[{"@type":"WebPage","@id":"https:\/\/anne-barthelmess.de\/index.php\/feldenkrais-online-kurse\/","url":"https:\/\/anne-barthelmess.de\/index.php\/feldenkrais-online-kurse\/","name":"Feldenkrais Online Kurse mit Anne Barthelmess","isPartOf":{"@id":"https:\/\/anne-barthelmess.de\/#website"},"datePublished":"2025-07-27T07:41:29+00:00","dateModified":"2026-03-21T15:39:03+00:00","description":"Feldenkrais Online Kurse mit Anne Barthelmess - bequem von zu Hause aus f\u00fcr mehr Beweglichkeit und innere Balance.","breadcrumb":{"@id":"https:\/\/anne-barthelmess.de\/index.php\/feldenkrais-online-kurse\/#breadcrumb"},"inLanguage":"de","potentialAction":[{"@type":"ReadAction","target":["https:\/\/anne-barthelmess.de\/index.php\/feldenkrais-online-kurse\/"]}]},{"@type":"BreadcrumbList","@id":"https:\/\/anne-barthelmess.de\/index.php\/feldenkrais-online-kurse\/#breadcrumb","itemListElement":[{"@type":"ListItem","position":1,"name":"Startseite","item":"https:\/\/anne-barthelmess.de\/index.php\/startseite\/"},{"@type":"ListItem","position":2,"name":"Feldenkrais Online Kurse mit Anne Barthelmess"}]},{"@type":"WebSite","@id":"https:\/\/anne-barthelmess.de\/#website","url":"https:\/\/anne-barthelmess.de\/","name":"Anne Barthelme\u00df","description":"Feldenkrais als Einzelstunde und Gruppenstunde in Berlin Charlottenburg","publisher":{"@id":"https:\/\/anne-barthelmess.de\/#\/schema\/person\/b0108bfd55dfd6a45f19d6755e1c76d5"},"potentialAction":[{"@type":"SearchAction","target":{"@type":"EntryPoint","urlTemplate":"https:\/\/anne-barthelmess.de\/?s={search_term_string}"},"query-input":{"@type":"PropertyValueSpecification","valueRequired":true,"valueName":"search_term_string"}}],"inLanguage":"de"},{"@type":["Person","Organization"],"@id":"https:\/\/anne-barthelmess.de\/#\/schema\/person\/b0108bfd55dfd6a45f19d6755e1c76d5","name":"admin","image":{"@type":"ImageObject","inLanguage":"de","@id":"https:\/\/anne-barthelmess.de\/#\/schema\/person\/image\/","url":"https:\/\/anne-barthelmess.de\/wordpress\/wp-content\/uploads\/2025\/06\/cropped-anne_thumb.jpg","contentUrl":"https:\/\/anne-barthelmess.de\/wordpress\/wp-content\/uploads\/2025\/06\/cropped-anne_thumb.jpg","width":67,"height":72,"caption":"admin"},"logo":{"@id":"https:\/\/anne-barthelmess.de\/#\/schema\/person\/image\/"},"sameAs":["https:\/\/anne-barthelmess.de\/wordpress"]}]}},"_links":{"self":[{"href":"https:\/\/anne-barthelmess.de\/index.php\/wp-json\/wp\/v2\/pages\/156","targetHints":{"allow":["GET"]}}],"collection":[{"href":"https:\/\/anne-barthelmess.de\/index.php\/wp-json\/wp\/v2\/pages"}],"about":[{"href":"https:\/\/anne-barthelmess.de\/index.php\/wp-json\/wp\/v2\/types\/page"}],"author":[{"embeddable":true,"href":"https:\/\/anne-barthelmess.de\/index.php\/wp-json\/wp\/v2\/users\/1"}],"replies":[{"embeddable":true,"href":"https:\/\/anne-barthelmess.de\/index.php\/wp-json\/wp\/v2\/comments?post=156"}],"version-history":[{"count":25,"href":"https:\/\/anne-barthelmess.de\/index.php\/wp-json\/wp\/v2\/pages\/156\/revisions"}],"predecessor-version":[{"id":600,"href":"https:\/\/anne-barthelmess.de\/index.php\/wp-json\/wp\/v2\/pages\/156\/revisions\/600"}],"wp:attachment":[{"href":"https:\/\/anne-barthelmess.de\/index.php\/wp-json\/wp\/v2\/media?parent=156"}],"curies":[{"name":"wp","href":"https:\/\/api.w.org\/{rel}","templated":true}]}}