{"id":52,"date":"2025-07-16T12:56:13","date_gmt":"2025-07-16T12:56:13","guid":{"rendered":"https:\/\/anne-barthelmess.de\/wordpress\/?page_id=52"},"modified":"2025-07-16T12:56:13","modified_gmt":"2025-07-16T12:56:13","slug":"impressum","status":"publish","type":"page","link":"https:\/\/anne-barthelmess.de\/index.php\/impressum\/","title":{"rendered":"Impressum"},"content":{"rendered":"<div  class='flex_column av-r9g-251932562e4e152a3d1fd59ce52b76a2 av_one_full  avia-builder-el-0  avia-builder-el-no-sibling  first flex_column_div  '     ><section  class='av_textblock_section av-md5v4wbr-69aa5834cc0b03d1ff38de9531e9b9b1 '   itemscope=\"itemscope\" itemtype=\"https:\/\/schema.org\/CreativeWork\" ><div class='avia_textblock'  itemprop=\"text\" ><h1>Impressum<\/h1>\n<p><span style=\"font-size: 12pt;\"><strong>Verantwortlich f\u00fcr den Inhalt nach \u00a755 Abs. 2 RStV:<\/strong><\/span><br \/>\n<span style=\"font-size: 12pt;\">Anne Barthelme\u00df<\/span><br \/>\n<span style=\"font-size: 12pt;\">Weimarer Str. 32<\/span><br \/>\n<span style=\"font-size: 12pt;\">10625 Berlin<\/span><br \/>\n<span style=\"font-size: 12pt;\"><a href=\"mailto:mail&#091;at&#093;anne-barthelmess.de\">mail[at]anne-barthelmess.de<\/a><\/span><\/p>\n<p><span style=\"font-size: 12pt;\">Steuernummer: 13\/346\/01906<\/span><\/p>\n<p><span style=\"font-size: 12pt;\">Erlaubnis zur berufsm\u00e4\u00dfigen Aus\u00fcbung der Heilkunde beschr\u00e4nkt auf das Gebiet der Psychotherapie, verliehen durch das Gesundheitsamt Tempelhof-Sch\u00f6neberg von Berlin am 31. Mai 2011<\/span><\/p>\n<p><span style=\"font-size: 12pt;\"><strong>Fotos Copyright<br \/>\n<\/strong>Ulrike Schamoni<\/span><\/p>\n<p><span style=\"font-size: 12pt;\"><a href=\"https:\/\/anne-barthelmess.de\/datenschutz.php\">Zu meiner Datenschutzerkl\u00e4rung<\/a><\/span><\/p>\n<p><span style=\"font-size: 12pt;\"><strong>Haftungsausschluss:<\/strong><\/span><\/p>\n<p><span style=\"font-size: 12pt;\"><em>Haftung f\u00fcr Inhalte<\/em><\/span><br \/>\n<span style=\"font-size: 12pt;\">Die Inhalte meiner Seiten wurden mit gr\u00f6\u00dfter Sorgfalt erstellt. F\u00fcr die Richtigkeit, Vollst\u00e4ndigkeit und Aktualit\u00e4t der Inhalte k\u00f6nnen wir jedoch keine Gew\u00e4hr \u00fcbernehmen. Als Diensteanbieter bin ich f\u00fcr eigene Inhalte auf diesen Seiten nach den allgemeinen Gesetzen verantwortlich. Ich bin als Diensteanbieter jedoch nicht verpflichtet, \u00fcbermittelte oder gespeicherte fremde Informationen zu \u00fcberwachen oder nach Umst\u00e4nden zu forschen, die auf eine rechtswidrige T\u00e4tigkeit hinweisen. Verpflichtungen zur Entfernung oder Sperrung der Nutzung von Informationen nach den allgemeinen Gesetzen bleiben hiervon unber\u00fchrt. Eine diesbez\u00fcgliche Haftung ist jedoch erst ab dem Zeitpunkt der Kenntnis einer konkreten Rechtsverletzung m\u00f6glich. Bei Bekanntwerden von entsprechenden Rechtsverletzungen werde ich diese Inhalte umgehend entfernen.<\/span><\/p>\n<p><span style=\"font-size: 12pt;\"><em>Haftung f\u00fcr Links<\/em><\/span><br \/>\n<span style=\"font-size: 12pt;\">Mein Angebot enth\u00e4lt Links zu externen Webseiten Dritter, auf deren Inhalte ich keinen Einfluss habe. Deshalb kann ich f\u00fcr diese fremden Inhalte auch keine Gew\u00e4hr \u00fcbernehmen. F\u00fcr die Inhalte der verlinkten Seiten ist stets der jeweilige Anbieter oder Betreiber der Seiten verantwortlich. Die verlinkten Seiten wurden zum Zeitpunkt der Verlinkung auf m\u00f6gliche Rechtsverst\u00f6\u00dfe \u00fcberpr\u00fcft. Rechtswidrige Inhalte waren zum Zeitpunkt der Verlinkung nicht erkennbar. Eine permanente inhaltliche Kontrolle der verlinkten Seiten ist jedoch ohne konkrete Anhaltspunkte einer Rechtsverletzung nicht zumutbar. Bei Bekanntwerden von Rechtsverletzungen werde ich derartige Links umgehend entfernen.<\/span><\/p>\n<p><span style=\"font-size: 12pt;\"><em>Urheberrecht<\/em><\/span><br \/>\n<span style=\"font-size: 12pt;\">Die durch die Seitenbetreiber erstellten Inhalte und Werke auf diesen Seiten unterliegen dem deutschen Urheberrecht. Die Vervielf\u00e4ltigung, Bearbeitung, Verbreitung und jede Art der Verwertung au\u00dferhalb der Grenzen des Urheberrechtes bed\u00fcrfen der schriftlichen Zustimmung des jeweiligen Autors bzw. Erstellers. Downloads und Kopien dieser Seite sind nur f\u00fcr den privaten, nicht kommerziellen Gebrauch gestattet. Soweit die Inhalte auf dieser Seite nicht vom Betreiber erstellt wurden, werden die Urheberrechte Dritter beachtet. Insbesondere werden Inhalte Dritter als solche gekennzeichnet. Sollten Sie trotzdem auf eine Urheberrechtsverletzung aufmerksam werden, bitte cich um einen entsprechenden Hinweis. Bei Bekanntwerden von Rechtsverletzungen werde ich derartige Inhalte umgehend entfernen.<\/span><\/p>\n<p><span style=\"font-size: 12pt;\">Impressum vom\u00a0<a href=\"http:\/\/www.impressum-generator.de\/\" target=\"_blank\" rel=\"noopener\">impressum-generator.de<\/a>\u00a0der\u00a0<a href=\"https:\/\/www.kanzlei-hasselbach.de\/standorte\/koeln\/\" target=\"_blank\" rel=\"noopener\">Kanzlei Hasselbach Rechtsanw\u00e4lte<\/a><\/span><\/p>\n<p><span style=\"font-size: 12pt;\"><strong>Keine Abmahnung ohne vorherigen Kontakt!<\/strong><\/span><br \/>\n<span style=\"font-size: 12pt;\">Sollte irgendwelcher Inhalt oder die designtechnische Gestaltung einzelner Seiten oder Teile dieses Onlineportals fremde Rechte Dritter oder gesetzliche Bestimmungen verletzen oder anderweitig in irgendeiner Form wettbewerbsrechtliche Probleme hervorbringen, so bitte ich unter Berufung auf \u00a7 8 Abs. 4 UWG, um eine angemessene, ausreichend erl\u00e4uternde und schnelle Nachricht ohne Kostennote.<\/span><\/p>\n<p><span style=\"font-size: 12pt;\">Ich garantiere, dass die zu Recht beanstandeten Passagen oder Teile dieser Webseiten in angemessener Frist entfernt bzw. den rechtlichen Vorgaben umf\u00e4nglich angepasst werden, ohne dass von Ihrer Seite die Einschaltung eines Rechtsbeistandes erforderlich ist.<\/span><br \/>\n<span style=\"font-size: 12pt;\">Die Einschaltung eines Anwaltes, zur f\u00fcr den Diensteanbieter kostenpflichtigen Abmahnung, entspricht nicht dessen wirklichen oder mutma\u00dflichen Willen und w\u00fcrde damit einen Verstoss gegen \u00a7 13 Abs. 5 UWG, wegen der Verfolgung sachfremder Ziele als beherrschendes Motiv der Verfahrenseinleitung, insbesondere einer Kostenerzielungsabsicht als eigentliche Triebfeder, sowie einen Versto\u00df gegen die Schadensminderungspflicht darstellen.<\/span><br \/>\n<span style=\"font-size: 12pt;\">Hinsichtlich der Inhalte in den bereitgestellten Mitglieder- und Partneraccounts nehme ich als Diensteanbieter die Haftungsprivilegien nach \u00a7 5 Nr. 3 TDG bzw. nach \u00a7 11 TDG in Anspruch.<\/span><\/p>\n<\/div><\/section><\/div>\n","protected":false},"excerpt":{"rendered":"","protected":false},"author":1,"featured_media":0,"parent":0,"menu_order":0,"comment_status":"closed","ping_status":"open","template":"","meta":{"footnotes":""},"class_list":["post-52","page","type-page","status-publish","hentry"],"yoast_head":"<!-- This site is optimized with the Yoast SEO plugin v26.5 - https:\/\/yoast.com\/wordpress\/plugins\/seo\/ -->\n<title>Impressum - Anne Barthelme\u00df<\/title>\n<meta name=\"robots\" content=\"index, follow, max-snippet:-1, max-image-preview:large, max-video-preview:-1\" \/>\n<link rel=\"canonical\" href=\"https:\/\/anne-barthelmess.de\/index.php\/impressum\/\" \/>\n<meta property=\"og:locale\" content=\"de_DE\" \/>\n<meta property=\"og:type\" content=\"article\" \/>\n<meta property=\"og:title\" content=\"Impressum - Anne Barthelme\u00df\" \/>\n<meta property=\"og:url\" content=\"https:\/\/anne-barthelmess.de\/index.php\/impressum\/\" \/>\n<meta property=\"og:site_name\" content=\"Anne Barthelme\u00df\" \/>\n<meta name=\"twitter:card\" content=\"summary_large_image\" \/>\n<meta name=\"twitter:label1\" content=\"Gesch\u00e4tzte Lesezeit\" \/>\n\t<meta name=\"twitter:data1\" content=\"6\u00a0Minuten\" \/>\n<script type=\"application\/ld+json\" class=\"yoast-schema-graph\">{\"@context\":\"https:\/\/schema.org\",\"@graph\":[{\"@type\":\"WebPage\",\"@id\":\"https:\/\/anne-barthelmess.de\/index.php\/impressum\/\",\"url\":\"https:\/\/anne-barthelmess.de\/index.php\/impressum\/\",\"name\":\"Impressum - Anne Barthelme\u00df\",\"isPartOf\":{\"@id\":\"https:\/\/anne-barthelmess.de\/#website\"},\"datePublished\":\"2025-07-16T12:56:13+00:00\",\"breadcrumb\":{\"@id\":\"https:\/\/anne-barthelmess.de\/index.php\/impressum\/#breadcrumb\"},\"inLanguage\":\"de\",\"potentialAction\":[{\"@type\":\"ReadAction\",\"target\":[\"https:\/\/anne-barthelmess.de\/index.php\/impressum\/\"]}]},{\"@type\":\"BreadcrumbList\",\"@id\":\"https:\/\/anne-barthelmess.de\/index.php\/impressum\/#breadcrumb\",\"itemListElement\":[{\"@type\":\"ListItem\",\"position\":1,\"name\":\"Startseite\",\"item\":\"https:\/\/anne-barthelmess.de\/index.php\/startseite\/\"},{\"@type\":\"ListItem\",\"position\":2,\"name\":\"Impressum\"}]},{\"@type\":\"WebSite\",\"@id\":\"https:\/\/anne-barthelmess.de\/#website\",\"url\":\"https:\/\/anne-barthelmess.de\/\",\"name\":\"Anne Barthelme\u00df\",\"description\":\"Feldenkrais als Einzelstunde und Gruppenstunde in Berlin Charlottenburg\",\"publisher\":{\"@id\":\"https:\/\/anne-barthelmess.de\/#\/schema\/person\/b0108bfd55dfd6a45f19d6755e1c76d5\"},\"potentialAction\":[{\"@type\":\"SearchAction\",\"target\":{\"@type\":\"EntryPoint\",\"urlTemplate\":\"https:\/\/anne-barthelmess.de\/?s={search_term_string}\"},\"query-input\":{\"@type\":\"PropertyValueSpecification\",\"valueRequired\":true,\"valueName\":\"search_term_string\"}}],\"inLanguage\":\"de\"},{\"@type\":[\"Person\",\"Organization\"],\"@id\":\"https:\/\/anne-barthelmess.de\/#\/schema\/person\/b0108bfd55dfd6a45f19d6755e1c76d5\",\"name\":\"admin\",\"image\":{\"@type\":\"ImageObject\",\"inLanguage\":\"de\",\"@id\":\"https:\/\/anne-barthelmess.de\/#\/schema\/person\/image\/\",\"url\":\"https:\/\/anne-barthelmess.de\/wordpress\/wp-content\/uploads\/2025\/06\/cropped-anne_thumb.jpg\",\"contentUrl\":\"https:\/\/anne-barthelmess.de\/wordpress\/wp-content\/uploads\/2025\/06\/cropped-anne_thumb.jpg\",\"width\":67,\"height\":72,\"caption\":\"admin\"},\"logo\":{\"@id\":\"https:\/\/anne-barthelmess.de\/#\/schema\/person\/image\/\"},\"sameAs\":[\"https:\/\/anne-barthelmess.de\/wordpress\"]}]}<\/script>\n<!-- \/ Yoast SEO plugin. -->","yoast_head_json":{"title":"Impressum - Anne Barthelme\u00df","robots":{"index":"index","follow":"follow","max-snippet":"max-snippet:-1","max-image-preview":"max-image-preview:large","max-video-preview":"max-video-preview:-1"},"canonical":"https:\/\/anne-barthelmess.de\/index.php\/impressum\/","og_locale":"de_DE","og_type":"article","og_title":"Impressum - Anne Barthelme\u00df","og_url":"https:\/\/anne-barthelmess.de\/index.php\/impressum\/","og_site_name":"Anne Barthelme\u00df","twitter_card":"summary_large_image","twitter_misc":{"Gesch\u00e4tzte Lesezeit":"6\u00a0Minuten"},"schema":{"@context":"https:\/\/schema.org","@graph":[{"@type":"WebPage","@id":"https:\/\/anne-barthelmess.de\/index.php\/impressum\/","url":"https:\/\/anne-barthelmess.de\/index.php\/impressum\/","name":"Impressum - Anne Barthelme\u00df","isPartOf":{"@id":"https:\/\/anne-barthelmess.de\/#website"},"datePublished":"2025-07-16T12:56:13+00:00","breadcrumb":{"@id":"https:\/\/anne-barthelmess.de\/index.php\/impressum\/#breadcrumb"},"inLanguage":"de","potentialAction":[{"@type":"ReadAction","target":["https:\/\/anne-barthelmess.de\/index.php\/impressum\/"]}]},{"@type":"BreadcrumbList","@id":"https:\/\/anne-barthelmess.de\/index.php\/impressum\/#breadcrumb","itemListElement":[{"@type":"ListItem","position":1,"name":"Startseite","item":"https:\/\/anne-barthelmess.de\/index.php\/startseite\/"},{"@type":"ListItem","position":2,"name":"Impressum"}]},{"@type":"WebSite","@id":"https:\/\/anne-barthelmess.de\/#website","url":"https:\/\/anne-barthelmess.de\/","name":"Anne Barthelme\u00df","description":"Feldenkrais als Einzelstunde und Gruppenstunde in Berlin Charlottenburg","publisher":{"@id":"https:\/\/anne-barthelmess.de\/#\/schema\/person\/b0108bfd55dfd6a45f19d6755e1c76d5"},"potentialAction":[{"@type":"SearchAction","target":{"@type":"EntryPoint","urlTemplate":"https:\/\/anne-barthelmess.de\/?s={search_term_string}"},"query-input":{"@type":"PropertyValueSpecification","valueRequired":true,"valueName":"search_term_string"}}],"inLanguage":"de"},{"@type":["Person","Organization"],"@id":"https:\/\/anne-barthelmess.de\/#\/schema\/person\/b0108bfd55dfd6a45f19d6755e1c76d5","name":"admin","image":{"@type":"ImageObject","inLanguage":"de","@id":"https:\/\/anne-barthelmess.de\/#\/schema\/person\/image\/","url":"https:\/\/anne-barthelmess.de\/wordpress\/wp-content\/uploads\/2025\/06\/cropped-anne_thumb.jpg","contentUrl":"https:\/\/anne-barthelmess.de\/wordpress\/wp-content\/uploads\/2025\/06\/cropped-anne_thumb.jpg","width":67,"height":72,"caption":"admin"},"logo":{"@id":"https:\/\/anne-barthelmess.de\/#\/schema\/person\/image\/"},"sameAs":["https:\/\/anne-barthelmess.de\/wordpress"]}]}},"_links":{"self":[{"href":"https:\/\/anne-barthelmess.de\/index.php\/wp-json\/wp\/v2\/pages\/52","targetHints":{"allow":["GET"]}}],"collection":[{"href":"https:\/\/anne-barthelmess.de\/index.php\/wp-json\/wp\/v2\/pages"}],"about":[{"href":"https:\/\/anne-barthelmess.de\/index.php\/wp-json\/wp\/v2\/types\/page"}],"author":[{"embeddable":true,"href":"https:\/\/anne-barthelmess.de\/index.php\/wp-json\/wp\/v2\/users\/1"}],"replies":[{"embeddable":true,"href":"https:\/\/anne-barthelmess.de\/index.php\/wp-json\/wp\/v2\/comments?post=52"}],"version-history":[{"count":3,"href":"https:\/\/anne-barthelmess.de\/index.php\/wp-json\/wp\/v2\/pages\/52\/revisions"}],"predecessor-version":[{"id":55,"href":"https:\/\/anne-barthelmess.de\/index.php\/wp-json\/wp\/v2\/pages\/52\/revisions\/55"}],"wp:attachment":[{"href":"https:\/\/anne-barthelmess.de\/index.php\/wp-json\/wp\/v2\/media?parent=52"}],"curies":[{"name":"wp","href":"https:\/\/api.w.org\/{rel}","templated":true}]}}

<div  class='flex_column av-r9g-251932562e4e152a3d1fd59ce52b76a2 av_one_full  avia-builder-el-0  avia-builder-el-no-sibling  first flex_column_div  '     ><section  class='av_textblock_section av-md5v4wbr-69aa5834cc0b03d1ff38de9531e9b9b1 '   itemscope="itemscope" itemtype="https://schema.org/CreativeWork" ><div class='avia_textblock'  itemprop="text" ><h1>Impressum</h1>
<p><span style="font-size: 12pt;"><strong>Verantwortlich für den Inhalt nach §55 Abs. 2 RStV:</strong></span><br />
<span style="font-size: 12pt;">Anne Barthelmeß</span><br />
<span style="font-size: 12pt;">Weimarer Str. 32</span><br />
<span style="font-size: 12pt;">10625 Berlin</span><br />
<span style="font-size: 12pt;"><a href="mailto:mail&#091;at&#093;anne-barthelmess.de">mail[at]anne-barthelmess.de</a></span></p>
<p><span style="font-size: 12pt;">Steuernummer: 13/346/01906</span></p>
<p><span style="font-size: 12pt;">Erlaubnis zur berufsmäßigen Ausübung der Heilkunde beschränkt auf das Gebiet der Psychotherapie, verliehen durch das Gesundheitsamt Tempelhof-Schöneberg von Berlin am 31. Mai 2011</span></p>
<p><span style="font-size: 12pt;"><strong>Fotos Copyright<br />
</strong>Ulrike Schamoni</span></p>
<p><span style="font-size: 12pt;"><a href="https://anne-barthelmess.de/datenschutz.php">Zu meiner Datenschutzerklärung</a></span></p>
<p><span style="font-size: 12pt;"><strong>Haftungsausschluss:</strong></span></p>
<p><span style="font-size: 12pt;"><em>Haftung für Inhalte</em></span><br />
<span style="font-size: 12pt;">Die Inhalte meiner Seiten wurden mit größter Sorgfalt erstellt. Für die Richtigkeit, Vollständigkeit und Aktualität der Inhalte können wir jedoch keine Gewähr übernehmen. Als Diensteanbieter bin ich für eigene Inhalte auf diesen Seiten nach den allgemeinen Gesetzen verantwortlich. Ich bin als Diensteanbieter jedoch nicht verpflichtet, übermittelte oder gespeicherte fremde Informationen zu überwachen oder nach Umständen zu forschen, die auf eine rechtswidrige Tätigkeit hinweisen. Verpflichtungen zur Entfernung oder Sperrung der Nutzung von Informationen nach den allgemeinen Gesetzen bleiben hiervon unberührt. Eine diesbezügliche Haftung ist jedoch erst ab dem Zeitpunkt der Kenntnis einer konkreten Rechtsverletzung möglich. Bei Bekanntwerden von entsprechenden Rechtsverletzungen werde ich diese Inhalte umgehend entfernen.</span></p>
<p><span style="font-size: 12pt;"><em>Haftung für Links</em></span><br />
<span style="font-size: 12pt;">Mein Angebot enthält Links zu externen Webseiten Dritter, auf deren Inhalte ich keinen Einfluss habe. Deshalb kann ich für diese fremden Inhalte auch keine Gewähr übernehmen. Für die Inhalte der verlinkten Seiten ist stets der jeweilige Anbieter oder Betreiber der Seiten verantwortlich. Die verlinkten Seiten wurden zum Zeitpunkt der Verlinkung auf mögliche Rechtsverstöße überprüft. Rechtswidrige Inhalte waren zum Zeitpunkt der Verlinkung nicht erkennbar. Eine permanente inhaltliche Kontrolle der verlinkten Seiten ist jedoch ohne konkrete Anhaltspunkte einer Rechtsverletzung nicht zumutbar. Bei Bekanntwerden von Rechtsverletzungen werde ich derartige Links umgehend entfernen.</span></p>
<p><span style="font-size: 12pt;"><em>Urheberrecht</em></span><br />
<span style="font-size: 12pt;">Die durch die Seitenbetreiber erstellten Inhalte und Werke auf diesen Seiten unterliegen dem deutschen Urheberrecht. Die Vervielfältigung, Bearbeitung, Verbreitung und jede Art der Verwertung außerhalb der Grenzen des Urheberrechtes bedürfen der schriftlichen Zustimmung des jeweiligen Autors bzw. Erstellers. Downloads und Kopien dieser Seite sind nur für den privaten, nicht kommerziellen Gebrauch gestattet. Soweit die Inhalte auf dieser Seite nicht vom Betreiber erstellt wurden, werden die Urheberrechte Dritter beachtet. Insbesondere werden Inhalte Dritter als solche gekennzeichnet. Sollten Sie trotzdem auf eine Urheberrechtsverletzung aufmerksam werden, bitte cich um einen entsprechenden Hinweis. Bei Bekanntwerden von Rechtsverletzungen werde ich derartige Inhalte umgehend entfernen.</span></p>
<p><span style="font-size: 12pt;">Impressum vom <a href="http://www.impressum-generator.de/" target="_blank" rel="noopener">impressum-generator.de</a> der <a href="https://www.kanzlei-hasselbach.de/standorte/koeln/" target="_blank" rel="noopener">Kanzlei Hasselbach Rechtsanwälte</a></span></p>
<p><span style="font-size: 12pt;"><strong>Keine Abmahnung ohne vorherigen Kontakt!</strong></span><br />
<span style="font-size: 12pt;">Sollte irgendwelcher Inhalt oder die designtechnische Gestaltung einzelner Seiten oder Teile dieses Onlineportals fremde Rechte Dritter oder gesetzliche Bestimmungen verletzen oder anderweitig in irgendeiner Form wettbewerbsrechtliche Probleme hervorbringen, so bitte ich unter Berufung auf § 8 Abs. 4 UWG, um eine angemessene, ausreichend erläuternde und schnelle Nachricht ohne Kostennote.</span></p>
<p><span style="font-size: 12pt;">Ich garantiere, dass die zu Recht beanstandeten Passagen oder Teile dieser Webseiten in angemessener Frist entfernt bzw. den rechtlichen Vorgaben umfänglich angepasst werden, ohne dass von Ihrer Seite die Einschaltung eines Rechtsbeistandes erforderlich ist.</span><br />
<span style="font-size: 12pt;">Die Einschaltung eines Anwaltes, zur für den Diensteanbieter kostenpflichtigen Abmahnung, entspricht nicht dessen wirklichen oder mutmaßlichen Willen und würde damit einen Verstoss gegen § 13 Abs. 5 UWG, wegen der Verfolgung sachfremder Ziele als beherrschendes Motiv der Verfahrenseinleitung, insbesondere einer Kostenerzielungsabsicht als eigentliche Triebfeder, sowie einen Verstoß gegen die Schadensminderungspflicht darstellen.</span><br />
<span style="font-size: 12pt;">Hinsichtlich der Inhalte in den bereitgestellten Mitglieder- und Partneraccounts nehme ich als Diensteanbieter die Haftungsprivilegien nach § 5 Nr. 3 TDG bzw. nach § 11 TDG in Anspruch.</span></p>
</div></section></div>

<!-- This site is optimized with the Yoast SEO plugin v26.5 - https://yoast.com/wordpress/plugins/seo/ -->
<title>Impressum - Anne Barthelmeß</title>
<meta name="robots" content="index, follow, max-snippet:-1, max-image-preview:large, max-video-preview:-1" />
<link rel="canonical" href="https://anne-barthelmess.de/index.php/impressum/" />
<meta property="og:locale" content="de_DE" />
<meta property="og:type" content="article" />
<meta property="og:title" content="Impressum - Anne Barthelmeß" />
<meta property="og:url" content="https://anne-barthelmess.de/index.php/impressum/" />
<meta property="og:site_name" content="Anne Barthelmeß" />
<meta name="twitter:card" content="summary_large_image" />
<meta name="twitter:label1" content="Geschätzte Lesezeit" />
	<meta name="twitter:data1" content="6 Minuten" />
<script type="application/ld+json" class="yoast-schema-graph">{"@context":"https://schema.org","@graph":[{"@type":"WebPage","@id":"https://anne-barthelmess.de/index.php/impressum/","url":"https://anne-barthelmess.de/index.php/impressum/","name":"Impressum - Anne Barthelmeß","isPartOf":{"@id":"https://anne-barthelmess.de/#website"},"datePublished":"2025-07-16T12:56:13+00:00","breadcrumb":{"@id":"https://anne-barthelmess.de/index.php/impressum/#breadcrumb"},"inLanguage":"de","potentialAction":[{"@type":"ReadAction","target":["https://anne-barthelmess.de/index.php/impressum/"]}]},{"@type":"BreadcrumbList","@id":"https://anne-barthelmess.de/index.php/impressum/#breadcrumb","itemListElement":[{"@type":"ListItem","position":1,"name":"Startseite","item":"https://anne-barthelmess.de/index.php/startseite/"},{"@type":"ListItem","position":2,"name":"Impressum"}]},{"@type":"WebSite","@id":"https://anne-barthelmess.de/#website","url":"https://anne-barthelmess.de/","name":"Anne Barthelmeß","description":"Feldenkrais als Einzelstunde und Gruppenstunde in Berlin Charlottenburg","publisher":{"@id":"https://anne-barthelmess.de/#/schema/person/b0108bfd55dfd6a45f19d6755e1c76d5"},"potentialAction":[{"@type":"SearchAction","target":{"@type":"EntryPoint","urlTemplate":"https://anne-barthelmess.de/?s={search_term_string}"},"query-input":{"@type":"PropertyValueSpecification","valueRequired":true,"valueName":"search_term_string"}}],"inLanguage":"de"},{"@type":["Person","Organization"],"@id":"https://anne-barthelmess.de/#/schema/person/b0108bfd55dfd6a45f19d6755e1c76d5","name":"admin","image":{"@type":"ImageObject","inLanguage":"de","@id":"https://anne-barthelmess.de/#/schema/person/image/","url":"https://anne-barthelmess.de/wordpress/wp-content/uploads/2025/06/cropped-anne_thumb.jpg","contentUrl":"https://anne-barthelmess.de/wordpress/wp-content/uploads/2025/06/cropped-anne_thumb.jpg","width":67,"height":72,"caption":"admin"},"logo":{"@id":"https://anne-barthelmess.de/#/schema/person/image/"},"sameAs":["https://anne-barthelmess.de/wordpress"]}]}</script>
<!-- / Yoast SEO plugin. -->

Impressum - Anne Barthelmeß

Anne Barthelmeß
